 - 2*k + 36 = 0. What is the highest common divisor of 680 and d?
40
Let d(b) = -22*b - 233. Let p be d(-17). Suppose 132*f + 1152 = p*f. Calculate the highest common divisor of 16 and f.
16
Suppose 28*b - 27*b = 99*b - 340648. Calculate the greatest common factor of 88 and b.
44
Suppose -12*w = -8*w - 8. Suppose -2915 = -w*x + z, 5*x = -3*z + z + 7292. What is the greatest common factor of 18 and x?
18
Suppose b - 55*r - 77 = -52*r, r - 291 = -3*b. What is the highest common divisor of b and 20?
5
Let z be 1*(8/2 - (-3 - -7)). Suppose 3*n + 4*l = -0*n + 584, z = 4*n + 3*l - 774. What is the greatest common divisor of n and 80?
16
Let j be (-5 - 0)*(-298)/745. Let u = 508 - 182. Suppose j*h = -2*s + u, 2*s - 5*h - 697 = -2*s. Calculate the highest common divisor of s and 24.
24
Let l be 3/12 - 105/(-12). Suppose l - 53 = -4*o. Suppose 10*z = 13*z - 3. Calculate the greatest common factor of o and z.
1
Let h = -241 - -239. Let q be h/((-3)/234*238 - -3). What is the highest common factor of 3 and q?
3
Suppose -32*y + 154 = -21*y. Calculate the highest common divisor of y and 3514.
14
Let k = -6528 + 6536. Let t(f) = -f**3 + 8*f**2 - 2*f + 5. Let y be t(7). Calculate the greatest common factor of k and y.
8
Let o = -42 + 76. Let a = 50283 - 49824. What is the greatest common factor of o and a?
17
Suppose 29*w = p + 31*w - 48, 129 = 3*p + w. What is the highest common factor of 2289 and p?
21
Suppose 1330798 - 3769672 = 2005*i - 2142*i. Calculate the highest common factor of i and 86.
86
Suppose 2*s = 2*c - 3*s - 2672, 2660 = 2*c - 2*s. What is the greatest common divisor of 156 and c?
78
Let h = 21 + -17. Let y(t) = 4*t**2 + 3*t - 3. Let u = 27 - 30. Let q be y(u). What is the greatest common divisor of q and h?
4
Let l(p) = 2*p + 11. Let f be l(-5). Let a be 136 + 1/f + 1. Let b be (a/(-4))/(27/(-36)). Calculate the greatest common factor of b and 23.
23
Let t(o) = 18*o + 7. Let n be t(6). Let w be (-6)/(-4) - ((-455)/10)/7. Suppose 25*b = w*b + 782. Calculate the greatest common divisor of b and n.
23
Let b(t) be the third derivative of 11*t**4/8 + 58*t**3/3 - t**2 + 11*t. Let s be b(18). Calculate the highest common divisor of 10 and s.
10
Let z be 16/24*37107/38. Calculate the highest common factor of 15 and z.
3
Let q = 1180 - -11345. Calculate the highest common divisor of 75 and q.
75
Suppose 0 = 53*m - 64*m + 66. Suppose 51 = -m*a + 243. What is the highest common divisor of 56 and a?
8
Let c = 6 - 5. Let m be 1 + 0 + 1 + c. Let f(a) = a**2 + 30*a + 219. Let j be f(-18). Calculate the greatest common factor of j and m.
3
Let p be (45/(-6) + 7)*-54. Suppose 4*h = -b + 182, 3*b - 102 = -5*h + 409. Suppose i + i - b = 0. What is the greatest common factor of i and p?
27
Let g(n) = 5*n**3 + 263*n**2 + 156*n + 13. Let i be g(-52). Suppose 0 = -0*m - 4*m + 364. Calculate the highest common factor of m and i.
13
Let a be (-325 + 4)*(-3)/9. Let z = a + -87. What is the greatest common divisor of z and 8?
4
Let m = 4 + 0. Let p = -174728 - -174731. What is the greatest common divisor of p and m?
1
Let g be 14 - (0 - -1)/(-1). Suppose -15*i + 260 + 115 = 0. Suppose -21*z + i*z - 420 = 0. Calculate the highest common divisor of z and g.
15
Suppose 8*v = -3*v. Suppose v = r - 5*r + 264. What is the greatest common divisor of r and 88?
22
Let o be (0 + -14 + 2)*(-10)/((-25)/(-5)). Calculate the highest common factor of o and 1304.
8
Suppose 3*o - 2*g + 5 - 3 = 0, o - 3 = -3*g. Suppose 14*q - 8*q - 366 = o. Calculate the highest common divisor of 305 and q.
61
Let p(n) = 2*n. Let g(c) = -c - 64. Let b(t) = -g(t) + 2*p(t). Let j be b(-12). What is the highest common divisor of j and 3?
1
Suppose 3*z + 24*z + 1026 = 0. Suppose o + 2*q = -51, -4*q = 3*o - 2*q + 145. Let x = z - o. What is the highest common divisor of 99 and x?
9
Let j = 305 + -302. Suppose -j*t + 114 = 57. What is the highest common divisor of 171 and t?
19
Let k be 711 + 120/(-48)*28/(-10). What is the highest common factor of 2 and k?
2
Let u(k) = -10*k + 5. Let y be u(0). Let c be (-2)/(-4) + ((-4275)/(-10))/y. What is the highest common divisor of c and 43?
43
Let h = -15 + 66. Suppose 43*k = h*k - 48. Suppose 2*j - 6*j + 264 = 0. What is the highest common factor of j and k?
6
Let o = 9935 + -9927. Suppose -314 = -3*p - 98. Calculate the highest common divisor of p and o.
8
Let n = 40 + -41. Let q = 1 + n. Suppose -10*p + 7*p + 39 = q. Calculate the highest common divisor of p and 52.
13
Suppose -59*r = 5*x - 55*r - 19716, 0 = -6*x + 2*r + 23700. Calculate the greatest common divisor of x and 56.
28
Let p be (-2 + 18)*(-7 + -1). Let m = -112 - p. Calculate the highest common divisor of 64 and m.
16
Let q(k) = -k**3 + 13*k**2 + 76*k - 22. Let c be q(17). Calculate the greatest common divisor of c and 4674.
114
Let a(n) = -7*n**2 + 16*n - 24. Let f(q) = 4*q**2 - 8*q + 11. Let s(c) = -3*a(c) - 5*f(c). Let b be s(12). What is the highest common factor of 13 and b?
13
Let n(k) = k**2 - 8*k + 13. Let d be n(-12). Suppose d = 2*z + 99. Calculate the greatest common factor of 7 and z.
7
Let v be 9330/6220*2*1*535. What is the highest common factor of v and 60?
15
Let j = 7 - 5. Let u(p) = -p**2 - 3*p + 3. Let q be u(0). Suppose -v - 2*c - 10 + q = 0, -4*c - 17 = -v. What is the greatest common factor of j and v?
1
Let j be (-5 - 0 - -13)/(4*3/6). Let a be (-10)/(-4)*(-30)/(-75). Suppose 2 - a = l. Calculate the highest common divisor of j and l.
1
Suppose p - 49 = -c, -2*p = -3*c - 73 - 10. Suppose 663253 = 1156*f + 78317. Calculate the highest common divisor of f and p.
46
Let q = 5402 - 5201. Calculate the greatest common factor of q and 134.
67
Let l(i) = 65*i - 135. Let y be l(-13). Let t = y - -1745. What is the highest common divisor of t and 85?
85
Suppose -35337 - 44288 = -49*x. Calculate the highest common divisor of x and 104.
13
Let h(j) = j**3 + 11*j**2 + 3*j - 56. Let f be h(-10). Let p(n) = -n + 11. Let z be p(9). Suppose -1 = z*x - 57. Calculate the highest common factor of f and x.
14
Suppose -r = 5*r - 18. Let x(k) = k**3 - 6*k + 6. Let d be x(r). Let v be ((-6)/(-5))/((-22)/(-275)). What is the greatest common factor of d and v?
15
Let n be 414/9*(-2 + (-196)/(-105))*-15. Calculate the greatest common divisor of 324 and n.
4
Suppose 19*m - 4180 = -0*m. Calculate the highest common factor of 33 and m.
11
Let b(m) = -3*m + 45. Let r be b(14). Suppose 3*p - p + 19 = r*d, -4*p = -2*d + 18. Suppose 0*v = -d*v + 160. Calculate the greatest common factor of v and 128.
32
Let f = 5448 + -5418. Let j = 17 + -12. Suppose -n - 80 = -j*n. What is the highest common factor of n and f?
10
Suppose 0 = -4*f - a + 51 + 78, 0 = 4*a - 4. Suppose l + l - f = 0. Calculate the highest common factor of l and 128.
16
Let p be (1 + (-56)/12)*-15. Let f = -41 + p. Let g = f - 8. Calculate the highest common factor of g and 2.
2
Let o be (-2)/(-3)*13/((-78)/(-945)). Let g be (-1)/(-3) - 1284/18. Let l = o + g. Calculate the highest common factor of l and 119.
17
Let i = 27 + -83. Let k = -3 - i. Let p = k - 50. What is the highest common factor of p and 9?
3
Suppose 2*t - 2 = 0, n + 3*t - 7*t = 1560. What is the highest common factor of n and 68?
68
Let y(o) = 49*o - 66. Let x be y(2). Let l(h) = h + 1. Let d be l(1). Let c = 10 - d. Calculate the highest common divisor of c and x.
8
Let y = 40 + -36. Suppose 2*w + 3*c = 87, -c + y*c = 15. Suppose -7*g + 10*g - w = 0. What is the highest common factor of 96 and g?
12
Let a be ((-4)/26 - (-68)/104)*62. Suppose 5*o - 5*q - 10 = 0, -4*o - 2*q + a = o. Let g be 1 - (-4 + o) - -25. What is the greatest common divisor of g and 5?
5
Suppose 0 = 4*u + 3*m + 38 - 146, 3*u - m - 68 = 0. Suppose 23*l - 7353 - 3135 = 0. Calculate the greatest common divisor of l and u.
24
Let b(c) be the third derivative of c**6/120 - c**5/12 - c**3/2 + 2*c**2. Let d = -247 - -253. Let v be b(d). What is the greatest common divisor of v and 264?
33
Let a be 30/(-4)*(7 + (-291)/15). What is the highest common divisor of 9672 and a?
93
Suppose -1493 + 470 = -q. Suppose 3201 - q = -9*p. Let h = 396 + p. Calculate the highest common divisor of h and 14.
14
Suppose 5*m + 3*m - 104 = 0. Let t(n) = 44*n**2 + 13*n - 33. Let r be t(2). What is the highest common divisor of r and m